{"id":52,"date":"2018-11-26T00:43:49","date_gmt":"2018-11-25T23:43:49","guid":{"rendered":"http:\/\/wordpressn.traxlerm.net\/?page_id=52"},"modified":"2018-11-27T00:16:13","modified_gmt":"2018-11-26T23:16:13","slug":"ilder","status":"publish","type":"page","link":"https:\/\/wordpressn.traxlerm.net\/?page_id=52","title":{"rendered":"ilder"},"content":{"rendered":"<p>Aufmerksamkeiten und Z\u00e4rtlichkeiten. Anrede<\/p>\n<p><i>Gedichthaftes ist wie Bannspr\u00fcche: Diese Dinge brauchen wir fortan nicht mehr sagen, wir haben uns von ihnen losgel\u00f6st. Der Stuhl ist die Stelle, die alle mit ihren Arschl\u00f6chern ber\u00fchren. Trotzdem ist es ein intimer Teil.<\/i><\/p>\n<p>Dabei wird gebannt nicht das Gef\u00fchl anl\u00e4sslich eines Stuhls, sondern der Stuhl der Gef\u00fchl. Ersetze einfach in einem Seefahrerroman Schiff durch Buch undu lachst dich kaputt. Ohnmacht, Sch\u00f6nstes. Der Mond wirf eine Lichtstrasse aufs Bad. Ich kann ein Leben ohne mich nicht denken. Auserw\u00e4hlter. Ausatmen, ganz nah an der Nase, Vogelz\u00fcge wir. Dass so eine Angst entwickelte. <b>Kommen Sie von der Insel runter. Kommen Sie auf die H\u00f6he.<\/b><\/p>\n<p>Ich n\u00e4here mich, fast noch ohne Kaffee in den Pupillen, holl\u00e4ndischen Landschaften aus dem 17. Jahrhundert.<br \/>\nAber der letzte Schluck macht Rehaugen.<\/p>\n<p>&nbsp;<\/p>\n","protected":false},"excerpt":{"rendered":"<p>Aufmerksamkeiten und Z\u00e4rtlichkeiten. Anrede Gedichthaftes ist wie Bannspr\u00fcche: Diese Dinge brauchen wir fortan nicht mehr sagen, wir haben uns von ihnen losgel\u00f6st. Der Stuhl ist die Stelle, die alle mit ihren Arschl\u00f6chern ber\u00fchren. Trotzdem ist es ein intimer Teil. Dabei wird gebannt nicht das Gef\u00fchl anl\u00e4sslich eines Stuhls, sondern der Stuhl der Gef\u00fchl. Ersetze einfach [&hellip;]<\/p>\n","protected":false},"author":1,"featured_media":0,"parent":45,"menu_order":2,"comment_status":"closed","ping_status":"closed","template":"","meta":{"footnotes":""},"class_list":["post-52","page","type-page","status-publish","hentry"],"_links":{"self":[{"href":"https:\/\/wordpressn.traxlerm.net\/index.php?rest_route=\/wp\/v2\/pages\/52","targetHints":{"allow":["GET"]}}],"collection":[{"href":"https:\/\/wordpressn.traxlerm.net\/index.php?rest_route=\/wp\/v2\/pages"}],"about":[{"href":"https:\/\/wordpressn.traxlerm.net\/index.php?rest_route=\/wp\/v2\/types\/page"}],"author":[{"embeddable":true,"href":"https:\/\/wordpressn.traxlerm.net\/index.php?rest_route=\/wp\/v2\/users\/1"}],"replies":[{"embeddable":true,"href":"https:\/\/wordpressn.traxlerm.net\/index.php?rest_route=%2Fwp%2Fv2%2Fcomments&post=52"}],"version-history":[{"count":2,"href":"https:\/\/wordpressn.traxlerm.net\/index.php?rest_route=\/wp\/v2\/pages\/52\/revisions"}],"predecessor-version":[{"id":57,"href":"https:\/\/wordpressn.traxlerm.net\/index.php?rest_route=\/wp\/v2\/pages\/52\/revisions\/57"}],"up":[{"embeddable":true,"href":"https:\/\/wordpressn.traxlerm.net\/index.php?rest_route=\/wp\/v2\/pages\/45"}],"wp:attachment":[{"href":"https:\/\/wordpressn.traxlerm.net\/index.php?rest_route=%2Fwp%2Fv2%2Fmedia&parent=52"}],"curies":[{"name":"wp","href":"https:\/\/api.w.org\/{rel}","templated":true}]}}